-2*u + 73, 0 = 4*y + n*u + 140. Let t be 6/9*-6*y. What is the highest common factor of 18 and t?
18
Suppose 5*o - 2*n - 178 = 0, -108*o + 113*o + 5*n - 150 = 0. Calculate the greatest common factor of 4 and o.
2
Let l = 9 + 13. Let u be (363/6)/(11/(-22)). Let x be 1/(1/u)*(204 - 205). Calculate the highest common divisor of l and x.
11
Suppose 0 = -9*x + 5*x + 4*b + 10228, 0 = -3*x + 2*b + 7675. What is the highest common factor of 13 and x?
13
Let d = 59 - -31. Let x = 122 + -120. Suppose i - 5*k - 5 = -6*k, i = -x*k + 1. What is the highest common divisor of i and d?
9
Suppose o - 2*o + 2 = 0. Suppose -7*s + 5*s = -o. Suppose -4*j - 5*r + 19 + 10 = 0, -j = -4*r + 19. What is the greatest common divisor of s and j?
1
Suppose -132*h + 6792 = 3624. Let w be (-11 - 1)*102/(-9). What is the greatest common divisor of h and w?
8
Let n = 5001 + -4860. Calculate the highest common divisor of n and 8037.
141
Suppose -4*c - 369 = -13*c. Suppose -d = 8*d - 3321. What is the highest common factor of d and c?
41
Suppose -2*d - 89 = -3*o, 30*o - 27*o - d = 94. Let b(r) = -r + 11. Let p be b(0). Let m be p/(o/16)*6. Calculate the greatest common divisor of m and 4.
4
Let s be -4 + 0 + 20*342/72. Let z be 2*(0 + 8 + -1). What is the highest common divisor of s and z?
7
Let y(f) = -f + 12. Let a be y(6). Let h(x) = -3*x + 13. Let n be h(5). Let o be 34/3 + n/(-3). Calculate the greatest common divisor of a and o.
6
Suppose 0 = 9*m - 1326 + 129. What is the greatest common factor of 38 and m?
19
Let g(h) = -5*h**2 + h - 210. Let a be g(0). Let c be (-64)/(-30) + -2 + (-32522)/a. Calculate the highest common divisor of 31 and c.
31
Suppose -12 = -4*r - u, -4*r = -6*r + u. Let i be 6058/52 - r/(-4). Suppose -31 = -5*x + 34. What is the highest common factor of i and x?
13
Let p be (-320)/(-3) + 1/3. Suppose -2*i + 7*m - 105 = 0, 3*i + 4*m + 166 = -35. Let z = p + i. Calculate the greatest common factor of 4 and z.
4
Let p be (-3)/15 - ((-308952)/(-30))/(-12). Calculate the highest common factor of p and 52.
26
Let v be (-2)/1*(-14)/7. Suppose 34 = -v*g - 210. Let o = 97 + g. What is the greatest common factor of 324 and o?
36
Let f(b) = 6*b**2 + 7*b - 5*b**2 + 0*b**2 + 68 + 5*b + 0*b**2. Let h be f(-7). Calculate the highest common factor of 55 and h.
11
Let p = 38 + -32. Let y = -2083 - -1131. Let t be (2/p)/(y/318 - -3). Calculate the greatest common divisor of 424 and t.
53
Suppose -6*t - 1764 = -20*t. Let p be (t/(-12))/((-3)/14). Calculate the greatest common divisor of 392 and p.
49
Let v = 242 + -237. Suppose 5*p - 6 = 4*m + 77, -4 = -p + v*m. Calculate the greatest common factor of 513 and p.
19
Let f = -554 + 593. Calculate the greatest common factor of 1261 and f.
13
Suppose 51*i = 53*i - r - 75, i + 5*r - 21 = 0. What is the highest common divisor of 96 and i?
12
Let v = 176 - 36. Suppose -3*r + 5*j = -v, -5*j = 26 - 6. What is the greatest common divisor of 20 and r?
20
Let a be -8 + (-48555)/(-63) + 5*4/70. Calculate the greatest common divisor of 14 and a.
7
Let j be 77 - (1 - 0 - 5). Let l = j - 61. Suppose -3*z + l = 2. What is the highest common divisor of 18 and z?
6
Let w = 1626 - 1596. Calculate the greatest common factor of 40 and w.
10
Suppose 2869*h + 231 = 2890*h. Calculate the highest common factor of h and 11.
11
Let a be (-158)/(-4)*8/24*-6. Let o = -19 - a. What is the highest common factor of o and 75?
15
Let p be 3734*(-2)/(-11) - 1737/(-19107). What is the greatest common divisor of 1843 and p?
97
Let i be ((-21)/18)/(((-72)/16)/(-9))*-123. What is the highest common factor of 697 and i?
41
Suppose 3 = w + c, -5*w + c - 18 + 27 = 0. Suppose w*d + 382 = 424. What is the greatest common factor of 161 and d?
7
Let z be (5392/(-3))/(11/((-99)/6)). Calculate the greatest common factor of 16 and z.
8
Let r(k) = 17*k**2 + 16*k - 19. Let b be r(2). What is the highest common factor of b and 2439?
9
Let q(o) = -o**3 - 11*o**2 - 30*o + 21. Let h be q(-10). Let k = -207 + h. Let m = 351 - 225. What is the greatest common divisor of k and m?
14
Let p(c) = -6*c - 23. Let j be p(0). Let v(f) = 4*f + 104. Let l be v(j). What is the greatest common divisor of l and 552?
12
Let d(s) = 47*s + 676. Let i be d(-15). Let a be (-1 + 2 + 44)/(-1). Let u = i - a. What is the greatest common divisor of 224 and u?
16
Let g = 709 + -663. Let c be (4/10)/(g/690). What is the greatest common divisor of c and 42?
6
Let z = -410 - -415. Suppose 3*x - 1735 = -h - 614, x - 5591 = -z*h. Calculate the greatest common divisor of 26 and h.
26
Let s be (-96)/(-80) - (-139)/5. Suppose s*w - 35*w + 1224 = 0. What is the greatest common factor of w and 24?
12
Suppose 3*s - 318 = 66. Suppose -1608*m + 33 = f - 1613*m, -2*m - 42 = -4*f. What is the highest common divisor of s and f?
8
Suppose 1326 = 4*r + 166. Suppose 271 = 17*j - r. What is the greatest common factor of 3 and j?
3
Suppose 4*y - 93 = 223. Let x = y - 29. Suppose 5*f = l + 69 + 33, -5*f + 4*l = -108. Calculate the greatest common divisor of f and x.
10
Suppose 95*x = 93*x - f + 278, 686 = 5*x - 2*f. Calculate the highest common factor of 2852 and x.
46
Let u = -839 + 879. Calculate the highest common factor of u and 290.
10
Let n(f) = f**2 + 2*f - 63. Let t be n(-9). Suppose -5*m + 4*a + 113 = t, 4*m + 2*a - 56 = 2*m. What is the greatest common factor of m and 50?
25
Let y be ((-2)/9)/((-12)/54). Let s be y - -2 - ((-6 - -6) + -3). Calculate the highest common factor of s and 186.
6
Let b = 1984 + -1974. Let h(x) = 2*x**2 - 4*x. Suppose -5*g = -g + 20. Let q be h(g). What is the highest common factor of b and q?
10
Suppose -5*x + 85 = 12*x. Suppose 5*m = -3*f + 610, -171 = -x*f + 5*m + 819. What is the highest common divisor of f and 150?
50
Let j = 958 - 870. Calculate the greatest common factor of 4664 and j.
88
Let c = 104 - 65. Let k = c + -43. Let q be k/(-10) - (1665/(-25) - -1). Calculate the greatest common factor of 6 and q.
6
Suppose -5*a - 2*f + 169 = 0, -a + 50 = -5*f - 0. Let v = 1481 + -1466. Calculate the greatest common divisor of a and v.
5
Let u(k) = -11 + 9 + 6*k - 9 - 5. Let r be u(9). Calculate the highest common divisor of r and 285.
19
Let j(v) = v**2 - 2*v + 24. Let x be j(12). Let h = -126 + 219. Let b = -57 + h. What is the highest common divisor of b and x?
36
Let o(x) = -87*x + 3194. Let s be o(-58). Calculate the highest common factor of 40 and s.
40
Let w = -29 - -34. Let f(x) = 95*x - 8. Let t be f(w). Let m = t - 269. What is the highest common divisor of 18 and m?
18
Let r(s) = -12*s - 16. Let y be r(-3). Suppose 5*k = -3*c + 8, -3*k - 8 = 5*c - 0*c. Suppose y = -0*h + k*h. What is the highest common factor of h and 1?
1
Let i be 11/4 - 36/48. Suppose -j - p + 25 = -i*p, 4*j - 65 = -3*p. Let k be (-280)/7*(-32)/j. Calculate the highest common divisor of k and 4.
4
Let s(f) = 26*f - 7. Let u be s(4). Suppose -u = 2*v - 167. Calculate the greatest common factor of 25 and v.
5
Let z be 3 - (-3)/(-12)*0. Suppose b + 4*b = 25, z*f = 3*b - 3. Suppose 4*i + 708 = f*w, 888 = 5*w - 5*i + i. What is the greatest common factor of 18 and w?
18
Let i be (12/(-10))/(-2 + (-24)/(-15)). Suppose 0 = 2*g - 3*q, -5*g + 15 = -2*g + i*q. What is the highest common divisor of 24 and g?
3
Suppose 0 = -2*q + 282 + 798. Suppose -12*n = -3*s - 14*n + 81, 81 = 3*s + 5*n. Calculate the highest common factor of s and q.
27
Let c(i) = 14*i**3 + 45*i - 181. Let a be c(6). What is the highest common factor of 11 and a?
11
Let o be (-14 - (11 - 31)) + 137. What is the greatest common factor of 979 and o?
11
Let d(z) = 571*z - 100. Let q be d(1). Calculate the greatest common factor of 3 and q.
3
Let w be 9/1 - (-86 + 83). Let o(u) = 5*u - 24. Let l be o(w). Suppose g + 330 = 3*z - g, -3*g - 441 = -4*z. What is the highest common factor of z and l?
36
Suppose -2*t + 3*m = -133, -8*m = -9*m + 1. Suppose -5*a = q - 35 - t, -8 = 4*q. Calculate the greatest common factor of 42 and a.
21
Let c = -4117 - -5273. Calculate the greatest common factor of 68 and c.
68
Suppose 5*g - 20 = 0, -4*i + 22272 = 169*g - 166*g. Calculate the highest common factor of 21 and i.
21
Suppose -11*d + 3040 = -3*d. Let z = 430 - d. Suppose -2*k + 75 = -k. What is the highest common divisor of z and k?
25
Let u = 2 - -22. Suppos